-2 - 112 - 1). Suppose 3*s + 129 = 4*y + 2*s, 4*y + 2*s - b = 0. Is y a composite number?
False
Let t(u) = 16*u**2 + 5*u + 5. Let f be t(-5). Suppose 2*l = 3*q + 172, -4*l = l + 5*q - f. Let r = l + -47. Is r a composite number?
True
Is (28 - (-3 + 2))*(108 + -7) composite?
True
Suppose 0 = -5*w + 5*n - 8*n + 70529, 56424 = 4*w + 2*n. Is w a composite number?
False
Suppose 0 = -2*h - h - 9. Is 47394/54 + ((-4)/h)/(-2) a composite number?
False
Let f(i) = 2*i + 26. Let v be f(-13). Is (-71 + v + 4)*-1 composite?
False
Let k(z) = 6146*z - 113. Is k(9) a composite number?
False
Suppose 5*h - h - 8 = 0. Suppose 24 = u + h*u. Let l(d) = 67*d + 5. Is l(u) a composite number?
False
Let k(u) = 80*u**2 - 3*u - 31. Is k(6) a prime number?
False
Suppose 13*i - 10*i = 3441. Suppose -i - 489 = -4*d. Is d composite?
False
Let j(w) = -2769*w - 2. Is j(-1) a prime number?
True
Let u(s) = s**3 + 11*s**2 - 3*s - 15. Suppose 9*w - 13*w = 44. Let v be u(w). Suppose 0 = 4*y - r - 122, -y - 2*r + 17 = -v. Is y a composite number?
False
Let i = 2147 - 649. Suppose 1401 + i = 13*f. Is f a prime number?
True
Is -7 + (-6 + 1378)/2 prime?
False
Let u(g) = g**2 + 10*g + 24. Let i be u(-7). Suppose 2109 = f + 2*q, -3*q - 6362 = -i*f - 2*q. Is f a composite number?
True
Let n(d) = d**3 - 11*d**2 - 11*d - 11. Let t be n(12). Is (-3 - t)/((-24)/708) a composite number?
True
Let d be (3 + 0 - -17) + -2. Suppose o = -y + d, 2*y - 5*o = 3 + 40. Is y prime?
True
Suppose -3*j + 12*k = 8*k - 22421, -j + 4*k + 7479 = 0. Is j a prime number?
False
Let p = -5030 + 12448. Is p a prime number?
False
Suppose 3*l + 0*l = -6, 2*l = -c + 1. Is -334*(6 + -2 - c) a composite number?
True
Let l(c) = 20*c**2 + 18*c - 48. Let k(v) = -7*v**2 - 6*v + 16. Let w(u) = 17*k(u) + 6*l(u). Let z be w(-8). Suppose z = 7*r - 2*r - 1115. Is r prime?
True
Let a = 23 + -18. Let r(g) = 20*g - 3. Is r(a) a prime number?
True
Suppose -9*u + 8*u + 14243 = 0. Is u a composite number?
False
Suppose -7 = -3*o + 17. Suppose -i = o + 239. Let b = i + 626. Is b composite?
False
Suppose -34*r = -31*r - 37815. Is r composite?
True
Let x(o) = 394*o + 39. Let g be x(22). Let c = g + -4816. Is c composite?
True
Suppose 521 = -4*c - 3*g, -3*c - 2*c = -g + 675. Is c/4*(-19 - -5) a prime number?
False
Suppose 4*u = 70050 - 24710. Is u a prime number?
False
Let x(s) = s**3 - 6*s**2 - 6*s - 7. Let g be x(7). Suppose 0 = -4*m + 8 - g. Is 1285/10*(m - 0) a prime number?
True
Let j(u) = -58*u + 19. Let t be j(-6). Let c = t + -44. Is c composite?
True
Suppose 0 = -4*g + 5 + 7. Suppose -321 = -0*y - 2*y - l, g*y - 499 = 2*l. Is y a composite number?
False
Let o(c) = c**3 + 11*c**2 - 20*c - 7. Is o(12) composite?
True
Let s(r) = r**3 + r**2 + r + 46. Let g be 0/(-2 - (1 - 2)). Let f be s(g). Suppose -4*y + f = -158. Is y composite?
True
Let v(f) be the third derivative of 0 - 15/4*f**4 + 0*f + f**2 - 1/6*f**3. Is v(-1) a prime number?
True
Suppose 15 = 6*l - l. Suppose -3*q = v + v + 6, -9 = -l*q + 3*v. Suppose -g + q*g = -307. Is g prime?
True
Is 345/(-10)*(-508)/6 a prime number?
False
Let x = -1 - 1. Let t be -403 - (x - (-3 + 0)). Let b = t + 595. Is b composite?
False
Suppose 612 = 5*f - l, -477 = -4*f + 15*l - 10*l. Is f prime?
False
Suppose -198524 = -6*r + 68482. Is r a prime number?
True
Let f(l) = 80*l - 1 - 506*l - 56*l. Is f(-1) composite?
True
Let u(h) = -h**2 + 6*h - 2. Let a be u(5). Let c(t) = -3*t + a - t**2 + t**2 - t**3. Is c(-3) prime?
False
Let l(k) = 42*k**2 + 92*k - 15. Is l(13) a prime number?
False
Let a(x) = 37*x + 37*x + 94*x - 1. Suppose p + 1 + 10 = 4*q, 0 = -5*p - 15. Is a(q) composite?
True
Let z(k) = 4*k**2 + 5*k - 5. Suppose -4*s + 6 = -2*s. Suppose -s*j + 9 = -3. Is z(j) prime?
True
Suppose 0 = -9*o + 33884 + 19999. Is o prime?
True
Let i(z) = z + 81. Is i(-2) a prime number?
True
Let z(l) = 10*l**2 - 6*l - 6. Suppose 8 = -2*u + 6*u. Suppose -u*x - 7 = 1. Is z(x) a prime number?
False
Let j be (8/(-6))/((-7)/126). Is (639/12)/(9/j) composite?
True
Suppose z - 3*j - 165 = 0, -3*z - 2*j - 14 = -553. Is z a prime number?
False
Suppose -4*g + 4*c = -5*g - 8, 2*c - 10 = 3*g. Let x(z) = -z**2 - 2*z + 13. Let w be x(g). Is -4 + w - 270/(-1) prime?
True
Suppose -3*r - 1132 = 2*v, -4*v - 4*r - 1792 - 464 = 0. Let q = 853 + v. Is q prime?
True
Let r be 19 - -3*(-1 + 2). Let p = -9 + r. Is 6/(-39) - (-1653)/p a prime number?
True
Suppose 0 = 5*k - 223 - 10212. Let f = -240 + k. Is f a composite number?
False
Let j = -2225 - -4992. Is j composite?
False
Let a = 12 + -5. Suppose -3*o = -a*o. Suppose 0 = 5*k - o*k - 545. Is k a prime number?
True
Let p = 16 - 34. Suppose -3*k - x = -2330, x - 23 = k - 805. Is 4/p - k/(-18) prime?
True
Let a(t) = t**2 + 17*t - 17. Let y(g) = -g**2 - 17*g + 18. Let l(j) = 3*a(j) + 4*y(j). Let c be l(-18). Suppose v - c*v = -206. Is v a composite number?
False
Let n(m) be the third derivative of -m**4/24 + 61*m**3/6 + 3*m**2. Let z be n(0). Let w = 222 - z. Is w a composite number?
True
Let g(j) = 2*j**2 + 28*j + 293. Is g(-48) a composite number?
False
Let v(h) = -257*h - 4. Let u(p) = p**3 - 6*p**2 + 7*p - 11. Let c be u(5). Is v(c) a prime number?
False
Let v(u) = 233*u**2 - 19*u + 3. Is v(7) a composite number?
False
Let b be -4 - (-1 - -1 - 632). Suppose i = 5*i - b. Is i a prime number?
True
Suppose 32 = 5*v + 2*m, v - 2*m = -m + 5. Suppose o + v = 4*o. Suppose 3*w + o*q = -2*q + 155, -3*w - 2*q + 157 = 0. Is w a prime number?
True
Let f be ((-27)/6 - -4)*-12. Suppose -f*p + 20 = -p. Is (1719/18)/(2/p) prime?
True
Let o = -5 - -3. Is (o*(-622)/12)/(3/99) prime?
False
Suppose -3*h = -2*h - 2*k - 225, -h + 4*k = -233. Suppose -8*x - h = -13473. Is x prime?
True
Let j be -4 + 0/(2 + -1). Let l be (-1 + 4 - -3) + j. Is (-18 - 2)/(-1) + l prime?
False
Suppose -3*v + 2*v + 5 = y, 0 = 4*v - 4*y + 4. Suppose 3*o = -5*l + 4063, v*o - 3*l = l + 2738. Is o prime?
True
Let d(v) = -v**3 - 6*v**2 - 6*v + 7. Suppose 20 = -m + 5*q, q + q + 9 = -3*m. Let c be d(m). Let n = c + 9. Is n composite?
True
Let m = 4917 + -1471. Is m prime?
False
Suppose 117*v - 19682 = -k + 122*v, -4*k + 4*v + 78776 = 0. Is k prime?
True
Let r = 86984 - 60081. Is r a composite number?
False
Let c = 5 + -5. Suppose t - 10 - 3 = c. Let s(m) = 11*m - 12. Is s(t) composite?
False
Let y(a) = a**2 + 10*a + 7. Let v be y(7). Is 1/(-6) + 18795/v a prime number?
True
Suppose 4*i = d - 5 - 13, -4 = 4*i. Suppose -l = 2*q - 8, 0 = 5*l - 2*q - 0 - 16. Suppose 0 = -m + d - l. Is m composite?
True
Suppose -2*f = -4*w + 10, 5*w + 15 - 60 = -4*f. Suppose -4*p + 312 = -7*o + 5*o, f*o = 4*p - 318. Is p a prime number?
False
Let b = -22205 - -43566. Is b a prime number?
False
Let o = -4332 - -8041. Is o a prime number?
True
Is -1 + 40/24 - (-61951)/3 a composite number?
True
Let r(o) = -1376*o**2 + 2*o - 3. Let i be r(1). Let m = 3538 + i. Is m prime?
True
Let j(r) = -63*r**3 - 11*r**2 - 5*r - 6. Is j(-5) composite?
True
Let a(y) = -y**3 + 3*y**2 + y + 5. Let j(c) = 3*c - 14. Let s be j(8). Let n be -5*((-12)/s)/(-1). Is a(n) composite?
True
Let z(p) = 49*p**2 + 14*p - 71. Is z(18) prime?
True
Let l(s) = -2*s + 19. Let v be l(11). Is v*1 - (-181 - -9) a composite number?
True
Let j be -4*(-1)/2*4/2. Suppose 0 = j*t - 828 + 32. Is t composite?
False
Let r be -9 + (3 - (3 - 2)). Is 1042*(r/2 - -4) composite?
False
Let k be 3 + 2 + (-6 - -4). Suppose 0 = 3*l + k*b - 42, -3*b - 1 = -2*l + 52. Is l a prime number?
True
Let m be (-11)/(231/(-434)) - (-2)/(-3). Let c = m + 18. Is c prime?
False
Let y(b) = b + 18. Let l be y(-17). Is l + 339 + 4 + -7 prime?
True
Let d be (-22)/(-2) - (0 - -1). Let f(a) = a**2 - 12*a**2 + 13*a + 19*a**3 - 18*a**3 - 11. Is f(d) composite?
False
Let v = -98 - -103. Suppose 5*r = -d + 4221, d + d - 8422 = -v*r. Is d composite?
False
Suppose -3*c + 76073 = -3*a - 6301, -82370 = -3*c - a. Is c a prime number?
True
Let i(l) = l - 2*l**2 - 10*l**2 + 13 + 15*l**2. Is i(-10) composite?
True
Let j(b) = -b**2 - 18*b + 2. Let p(r) = r - 17. Let m be p(-14). Let l = 20 + m. Is j(l) a composite number?
False
Let p(l) = 11*l**2 - 59*l - 68. Is p(42) prime?
False
Suppose p - 1361 = 2942. Is p a prime number?
False
Let c = 13 + -10. Suppose c*h = 5*z - 5389, z + 2*h - 175 = 908. Is z prime?
False
Suppose 4*i = 6*i + 16. Is